{"version":"1.0","provider_name":"Fern\u00e1ndez Advocats","provider_url":"https:\/\/fernandezadvocats.es\/es\/","title":"Marta Nasarre analiza el caso del crimen de Vilanova del Cam\u00ed y sus implicaciones penales | Fern\u00e1ndez Advocats","type":"rich","width":600,"height":338,"html":"<blockquote class=\"wp-embedded-content\" data-secret=\"NEAuWI8v9q\"><a href=\"https:\/\/fernandezadvocats.es\/es\/marta-nasarre-crimen-vilanova-cami\/\">Marta Nasarre analiza el caso del crimen de Vilanova del Cam\u00ed y sus implicaciones penales<\/a><\/blockquote><iframe sandbox=\"allow-scripts\" security=\"restricted\" src=\"https:\/\/fernandezadvocats.es\/es\/marta-nasarre-crimen-vilanova-cami\/embed\/#?secret=NEAuWI8v9q\" width=\"600\" height=\"338\" title=\"\u00abMarta Nasarre analiza el caso del crimen de Vilanova del Cam\u00ed y sus implicaciones penales\u00bb \u2014 Fern\u00e1ndez Advocats\" data-secret=\"NEAuWI8v9q\" frameborder=\"0\" marginwidth=\"0\" marginheight=\"0\" scrolling=\"no\" class=\"wp-embedded-content\"><\/iframe><script type=\"text\/javascript\">\n\/* <![CDATA[ *\/\n\/*! This file is auto-generated *\/\n!function(d,l){\"use strict\";l.querySelector&&d.addEventListener&&\"undefined\"!=typeof URL&&(d.wp=d.wp||{},d.wp.receiveEmbedMessage||(d.wp.receiveEmbedMessage=function(e){var t=e.data;if((t||t.secret||t.message||t.value)&&!\/[^a-zA-Z0-9]\/.test(t.secret)){for(var s,r,n,a=l.querySelectorAll('iframe[data-secret=\"'+t.secret+'\"]'),o=l.querySelectorAll('blockquote[data-secret=\"'+t.secret+'\"]'),c=new RegExp(\"^https?:$\",\"i\"),i=0;i<o.length;i++)o[i].style.display=\"none\";for(i=0;i<a.length;i++)s=a[i],e.source===s.contentWindow&&(s.removeAttribute(\"style\"),\"height\"===t.message?(1e3<(r=parseInt(t.value,10))?r=1e3:~~r<200&&(r=200),s.height=r):\"link\"===t.message&&(r=new URL(s.getAttribute(\"src\")),n=new URL(t.value),c.test(n.protocol))&&n.host===r.host&&l.activeElement===s&&(d.top.location.href=t.value))}},d.addEventListener(\"message\",d.wp.receiveEmbedMessage,!1),l.addEventListener(\"DOMContentLoaded\",function(){for(var e,t,s=l.querySelectorAll(\"iframe.wp-embedded-content\"),r=0;r<s.length;r++)(t=(e=s[r]).getAttribute(\"data-secret\"))||(t=Math.random().toString(36).substring(2,12),e.src+=\"#?secret=\"+t,e.setAttribute(\"data-secret\",t)),e.contentWindow.postMessage({message:\"ready\",secret:t},\"*\")},!1)))}(window,document);\n\/\/# sourceURL=https:\/\/fernandezadvocats.es\/wp-includes\/js\/wp-embed.min.js\n\/* ]]> *\/\n<\/script>\n","thumbnail_url":"https:\/\/fernandezadvocats.es\/wp-content\/uploads\/2025\/02\/Ajuntament_de_Vilanova_del_Cami_2014.jpg","thumbnail_width":2560,"thumbnail_height":1920,"description":"ENLACE NOTICIA\u00a0 DESCARGAR PDF Nuestra compa\u00f1era del despacho, Marta Nasarre, abogada especialista en Derecho Penal, ha sido entrevistada por el medio de comunicaci\u00f3n La Veu de l\u2019Anoia en relaci\u00f3n con el reciente caso de homicidio ocurrido en Vilanova del Cam\u00ed el pasado 1 de febrero. Este tr\u00e1gico suceso ha conmocionado a la comunidad, y plantea [&hellip;]"}

Fernández Advocats

Marta Nasarre analiza el caso del crimen de Vilanova del Camí y sus implicaciones penales | Fernández Advocats

<blockquote class="wp-embedded-content" data-secret="NEAuWI8v9q"><a href="https://fernandezadvocats.es/es/marta-nasarre-crimen-vilanova-cami/">Marta Nasarre analiza el caso del crimen de Vilanova del Camí y sus implicaciones penales</a></blockquote><iframe sandbox="allow-scripts" security="restricted" src="https://fernandezadvocats.es/es/marta-nasarre-crimen-vilanova-cami/embed/#?secret=NEAuWI8v9q" width="600" height="338" title="«Marta Nasarre analiza el caso del crimen de Vilanova del Camí y sus implicaciones penales» — Fernández Advocats" data-secret="NEAuWI8v9q" frameborder="0" marginwidth="0" marginheight="0" scrolling="no" class="wp-embedded-content"></iframe><script type="text/javascript">
/* <![CDATA[ */
/*! This file is auto-generated */
!function(d,l){"use strict";l.querySelector&&d.addEventListener&&"undefined"!=typeof URL&&(d.wp=d.wp||{},d.wp.receiveEmbedMessage||(d.wp.receiveEmbedMessage=function(e){var t=e.data;if((t||t.secret||t.message||t.value)&&!/[^a-zA-Z0-9]/.test(t.secret)){for(var s,r,n,a=l.querySelectorAll('iframe[data-secret="'+t.secret+'"]'),o=l.querySelectorAll('blockquote[data-secret="'+t.secret+'"]'),c=new RegExp("^https?:$","i"),i=0;i<o.length;i++)o[i].style.display="none";for(i=0;i<a.length;i++)s=a[i],e.source===s.contentWindow&&(s.removeAttribute("style"),"height"===t.message?(1e3<(r=parseInt(t.value,10))?r=1e3:~~r<200&&(r=200),s.height=r):"link"===t.message&&(r=new URL(s.getAttribute("src")),n=new URL(t.value),c.test(n.protocol))&&n.host===r.host&&l.activeElement===s&&(d.top.location.href=t.value))}},d.addEventListener("message",d.wp.receiveEmbedMessage,!1),l.addEventListener("DOMContentLoaded",function(){for(var e,t,s=l.querySelectorAll("iframe.wp-embedded-content"),r=0;r<s.length;r++)(t=(e=s[r]).getAttribute("data-secret"))||(t=Math.random().toString(36).substring(2,12),e.src+="#?secret="+t,e.setAttribute("data-secret",t)),e.contentWindow.postMessage({message:"ready",secret:t},"*")},!1)))}(window,document);
//# sourceURL=https://fernandezadvocats.es/wp-includes/js/wp-embed.min.js
/* ]]> */
</script>

ENLACE NOTICIA  DESCARGAR PDF Nuestra compañera del despacho, Marta Nasarre, abogada especialista en Derecho Penal, ha sido entrevistada por el medio de comunicación La Veu de l’Anoia en relación con el reciente caso de homicidio ocurrido en Vilanova del Camí el pasado 1 de febrero. Este trágico suceso ha conmocionado a la comunidad, y plantea [&hellip;]
